
False
Is 1128699397 a composite number?
True
Is 17517043 a prime number?
False
Is 520679 a composite number?
False
Is 3932867 prime?
False
Is 581843 a composite number?
False
Is 4145602 composite?
True
Is 238772329 a prime number?
True
Is 66239493 a composite number?
True
Is 506551 a composite number?
False
Is 3136237 prime?
False
Is 20694829 prime?
False
Is 177209 composite?
False
Is 19383541 prime?
True
Is 1778683 a prime number?
True
Is 77778041 a composite number?
True
Is 68491421 composite?
False
Is 93167573 a prime number?
True
Is 36803411 a composite number?
False
Is 819899 a composite number?
False
Is 5008037 prime?
False
Is 644489 prime?
True
Is 3144601 a composite number?
True
Is 1308287 a prime number?
True
Is 131338663 composite?
True
Is 6347371 prime?
True
Is 103123261 prime?
True
Is 3939799 prime?
False
Is 230323 a prime number?
False
Is 13304843 a prime number?
True
Is 1417569 composite?
True
Is 756919 composite?
False
Is 22299247 a prime number?
False
Is 107703866 a composite number?
True
Is 3478747 a composite number?
False
Is 3742211 a composite number?
True
Is 86097167 prime?
False
Is 90428647 composite?
False
Is 1189211 a prime number?
False
Is 6992383 a composite number?
False
Is 1834067 composite?
False
Is 635807 prime?
False
Is 5457783 a prime number?
False
Is 669689 composite?
False
Is 576209 composite?
True
Is 56804563 prime?
False
Is 18312803 a composite number?
False
Is 2645737 a composite number?
True
Is 1366413 a composite number?
True
Is 33313781 composite?
False
Is 4684487 a prime number?
True
Is 24876409 prime?
False
Is 18945659 a composite number?
False
Is 561521 a prime number?
True
Is 21216529 a composite number?
False
Is 701094307 prime?
True
Is 72631211 a prime number?
False
Is 103691951 a composite number?
True
Is 57267863 a composite number?
False
Is 15308747 prime?
True
Is 674911 a prime number?
False
Is 414997391 prime?
True
Is 4033399 a composite number?
True
Is 6847081 a prime number?
True
Is 5073287 a composite number?
False
Is 70129009 composite?
True
Is 11298067 prime?
False
Is 85106429 composite?
False
Is 10274111 a composite number?
False
Is 723947 a composite number?
True
Is 335305 composite?
True
Is 1624573 a composite number?
False
Is 4046573 composite?
True
Is 2459257 prime?
True
Is 1275763 prime?
False
Is 1123939 composite?
True
Is 107480482 prime?
False
Is 19973497 prime?
True
Is 980677 a prime number?
True
Is 18151579 prime?
True
Is 562964635 composite?
True
Is 4279214 a prime number?
False
Is 679220629 a prime number?
False
Is 118868621 composite?
False
Is 762363311 composite?
False
Is 8626999 a prime number?
True
Is 521039 a prime number?
True
Is 5721173 composite?
True
Is 484229 prime?
True
Is 39725443 prime?
False
Is 22984003 a prime number?
False
Is 795313393 a prime number?
False
Is 19356637 composite?
False
Is 24608209 a prime number?
False
Is 13374139 prime?
True
Is 22510823 a composite number?
False
Is 3491413 a composite number?
False
Is 46965019 a composite number?
False
Is 93510821 a composite number?
False
Is 427616221 a composite number?
False
Is 5943326 prime?
False
Is 1939279 composite?
False
Is 25685846 a prime number?
False
Is 15089411 prime?
True
Is 5899877 prime?
True
Is 82920563 a prime number?
False
Is 68657 a composite number?
True
Is 610741873 prime?
False
Is 184743799 a prime number?
False
Is 30005671 a composite number?
False
Is 1219991 composite?
False
Is 23647067 composite?
False
Is 162466 a prime number?
False
Is 81707591 prime?
False
Is 64477397 a prime number?
False
Is 229544867 a prime number?
True
Is 4397143 prime?
False
Is 463761109 a composite number?
True
Is 16407551 a composite number?
True
Is 8381983 composite?
True
Is 144758057 prime?
True
Is 428601391 a composite number?
False
Is 21094771 a composite number?
False
Is 9431069 composite?
False
Is 18100113 a prime number?
False
Is 10537343 a prime number?
False
Is 101953643 a prime number?
False
Is 3797449 prime?
False
Is 184525831 a prime number?
False
Is 4634367 a composite number?
True
Is 51813743 a prime number?
False
Is 5673769 composite?
True
Is 4752589 composite?
True
Is 1634411 prime?
False
Is 4498331 a prime number?
True
Is 29587114 a composite number?
True
Is 3749219 a prime number?
True
Is 2584979 prime?
True
Is 505399 composite?
False
Is 83099957 a composite number?
False
Is 285793891 composite?
False
Is 53323993 a composite number?
True
Is 399979 a prime number?
True
Is 1212823 prime?
False
Is 110722961 prime?
True
Is 1994009 a composite number?
True
Is 71614889 a prime number?
False
Is 375208963 a prime number?
False
Is 39520067 a composite number?
False
Is 198803351 a prime number?
True
Is 113656103 composite?
True
Is 1154557 a prime number?
False
Is 817559 composite?
True
Is 17789261 a prime number?
False
Is 2420719 a composite number?
True
Is 21825571 prime?
False
Is 808816895 composite?
True
Is 10855211 a prime number?
True
Is 19828661 a prime number?
False
Is 94511587 prime?
True
Is 9275633 a composite number?
False
Is 39155377 a composite number?
True
Is 9352799 a prime number?
True
Is 1209653 prime?
False
Is 519955789 composite?
False
Is 286433233 prime?
True
Is 128958749 a prime number?
True
Is 281063 composite?
False
Is 5678707 composite?
True
Is 6390971 a composite number?
False
Is 309079 a composite number?
False
Is 43913761 a prime number?
True
Is 12566419 composite?
False
Is 29389319 a composite number?
False
Is 1441669 prime?
True
Is 1092191747 a composite number?
False
Is 17286089 prime?
True
Is 815819 a prime number?
True
Is 417523 composite?
False
Is 86017177 prime?
False
Is 37454177 a prime number?
True
Is 1119449 prime?
True
Is 201732043 a composite number?
False
Is 2182289 a prime number?
False
Is 5024441 prime?
False
Is 431983 a prime number?
True
Is 128487391 composite?
True
Is 14360446 prime?
False
Is 44104981 a prime number?
True
Is 35417 a prime number?
False
Is 994193 composite?
False
Is 5143277 prime?
True
Is 1877717 prime?
True
Is 996283 composite?
True
Is 33648421 prime?
True
Is 15638471 composite?
False
Is 13713389 a composite number?
False
Is 66066563 composite?
False
Is 8742607 a prime number?
False
Is 28637627 a prime number?
True
Is 40613039 a prime number?
False
Is 128338415 prime?
False
Is 728913113 composite?
False
Is 63929 a composite number?
False
Is 1572683 composite?
True
Is 1564319 composite?
True
Is 829271 a composite number?
True
Is 39544727 a composite number?
True
Is 1229087 composite?
True
Is 76879063 composite?
False
Is 232221767 prime?
False
Is 315197887 a composite number?
False
Is 44292341 prime?
False
Is 4657697 a prime number?
False
Is 3533689 prime?
False
Is 4691877 prime?
False
Is 98758129 prime?
True
Is 17105195 a prime number?
False
Is 12195002 a prime number?
False
Is 4546445 a prime number?
False
Is 397219 a composite number?
True
Is 5894497 composite?
True
Is 415453 prime?
False
Is 548507 a composite number?
True
Is 12294853 a composite number?
False
Is 281138737 prime?
False
Is 133333099 a composite number?
False
Is 30300769 composite?
False
Is 9569083 a composite number?
True
Is 2487614 prime?
False
Is 510751 a prime number?
True
Is 10163719 a prime number?
True
Is 2054231 prime?
True
Is 59131871 a composite number?
True
Is 14903351 a composite number?
False
Is 566791 prime?
True
Is 2403451 composite?
False
Is 14217639 composite?
True
Is 420969149 composite?
True
Is 257615681 a composite number?
False
Is 61329883 a prime number?
False
Is 6247123 prime?
False
Is 1181197 prime?
True
Is 132329041 composite?
True
Is 40933021 prime?
True
Is 9982853 prime?
False
Is 285335819 prime?
False
Is 364669 composite?
False
Is 4671787 composite?
True
Is 2569699 a prime number?
False
Is 726911 prime?
True
Is 17646583 a prime number?
True
Is 56822353 prime?
False
Is 62882527 a prime number?
False
Is 1959283 prime?
True
Is 32664341 composite?
True
Is 139306163 a composite number?
False
Is 18026597 prime?
False
Is 102425321 a composite number?
False
Is 564419 a prime number?
True
Is 1325965 composite?
True
Is 798869261 a prime number?
True
Is 182299209 a composite number?
True
Is 11242919 composite?
True
Is 57164923 a composite number?
True
Is 2024731 composite?
False
Is 1265107 a composite number?
True
Is 53099957 a composite number?
True
Is